2) - (-2)/4. Let l = n - 5. Is (28/2)/(l/(-5)) a composite number?
True
Let t = 143 - -48. Is t a prime number?
True
Is (-157)/(-2) - (-10)/20 composite?
False
Suppose -3*s = -2*m + 726, s = -s - 4. Suppose 0 = -3*p + 797 - 20. Suppose -3*t + m = 4*r - 5*t, 3*r - p = -4*t. Is r a prime number?
True
Suppose n - 2 - 6 = 0. Suppose 0 = -2*z - n, 0 = m + 2*m + 5*z + 20. Suppose 2*r - 47 - 23 = m. Is r a prime number?
False
Suppose -6*k + 3*k = -12. Suppose -k*y - 161 = -2*x - x, -106 = -2*x + 2*y. Is x prime?
False
Suppose -z = -0*w + 4*w - 13, w + z - 7 = 0. Let r = 4 + w. Is r a prime number?
False
Suppose -z + 531 = 2*z. Is z prime?
False
Is 21 + 1263 - -1*(0 + 1) a composite number?
True
Suppose 5*q - 2*g - 11142 = 0, 3*q + q + 3*g = 8932. Let f = q - 1418. Let z = -519 + f. Is z a composite number?
False
Suppose 3*i + 0*i = 0. Suppose 5*d + 2*y - 55 = i, 2*y = d - 17 + 6. Suppose -o - d = -q + 42, q - 61 = 3*o. Is q composite?
True
Let h(w) = w. Let b(p) = -23*p - 1. Let n(t) = b(t) + 5*h(t). Is n(-5) composite?
False
Is (-4)/(-20) - (1 - 10878/10) composite?
False
Suppose 2*w + 3*v - 10081 = 0, 0*v = -v + 5. Is w a composite number?
True
Let w(t) = -t + 1. Let p be (-70)/8 - 2/8. Is w(p) composite?
True
Suppose 3*l + 2*l - 140 = 0. Suppose 0*b + l = b. Let y = b + -13. Is y prime?
False
Suppose 2*s = -u + 20, 0 = -0*u + 4*u - s - 35. Suppose 4*y + 22 = -u. Is ((-418)/8)/(2/y) prime?
False
Suppose 2*k + 19 = 49. Is k a composite number?
True
Let k = 72 + -5. Let r = k + -48. Is r composite?
False
Is (-2)/(-24)*4*2589 prime?
True
Let k be (-4)/(-2) - 1 - -1. Suppose -4*l + 221 = -2*z - 3*z, -k*z = -3*l + 171. Let t = -34 + l. Is t a composite number?
True
Let t = -3 - -7. Suppose -4*b + 312 = 4*h - 0*h, 0 = -b - t*h + 75. Is b prime?
True
Let o(g) = g**2. Let i be o(-2). Suppose 2*b = -i*x + 134, -b + 3*b - 122 = 2*x. Suppose -r + 4*r - b = 0. Is r a composite number?
True
Let i(p) be the second derivative of p**4/6 + p**3/6 + 2*p**2 - 3*p. Is i(-3) composite?
False
Let v(u) = 7 - 4*u - 2*u + 4*u + 4*u. Let w(a) = -4*a - 15. Let j(n) = -11*v(n) - 6*w(n). Is j(12) a prime number?
True
Suppose -4*p + 4*k = -1344, -5*k + k - 674 = -2*p. Suppose 4*q - 9*q + p = -4*s, -4*q + s + 268 = 0. Is q a prime number?
True
Suppose -5*w = -1443 - 442. Is w a composite number?
True
Let s = -87 + 167. Suppose h + s = 4*r - 58, 4*r - 2*h - 136 = 0. Is r composite?
True
Is 194 - 1 - (15 + -13) composite?
False
Suppose 0 = 5*x - 10, -2*s - x - 10 = -6*s. Suppose -4*w + 3*l - 1 = 2, -s*l = 4*w - 3. Suppose w = -3*j + 59 - 2. Is j a prime number?
True
Let k = 6 - -4. Let i be 16/k - (-12)/30. Suppose -i*l + 0*l + 74 = 0. Is l a composite number?
False
Suppose 2*w = -0*w + 2732. Is w composite?
True
Suppose 5*q - 73 = d - 1, -3*d - 2*q = 233. Let p be d/(-14) + (-2)/(-4). Let o = 27 - p. Is o prime?
False
Suppose -6*l - 40 = -l. Let n be ((-3)/5)/(l/40). Let u = n + -1. Is u prime?
True
Suppose 0 = 5*g + 4*c + 3 + 1, -4 = -5*g + 4*c. Suppose g*w = -w + 5. Suppose w*f - 4*k - 231 = 0, 0 = -f + k + 3*k + 43. Is f prime?
True
Let v(m) = -35*m + 2. Let u be v(-2). Suppose 2*h - u = 2. Is h composite?
False
Let h = 104 + -69. Is h composite?
True
Let x be 1/1*(-6 + 6). Suppose 1261 = 5*q + 3*g - x*g, 5*q + 4*g = 1263. Is q composite?
False
Let l(v) = -93*v - 87*v + 0 - 1. Is l(-1) composite?
False
Suppose -i = 2*i. Suppose -2*q + 10 = i, -3*q + 334 + 316 = 5*b. Is b a composite number?
False
Let g(r) be the first derivative of 5*r**2 + 4*r - 1. Let m be g(7). Is m/1 + -2 + 2 a prime number?
False
Let x = -2 - -5. Let b = x - 3. Suppose b = -3*u + 11 + 19. Is u a prime number?
False
Let v be (-6)/(3/(-3)) - 1. Let s = v - 8. Is (-17 + -2)*s + -2 a prime number?
False
Let h be 5/10 - 5/2. Is h/(-10) + 1170/25 a composite number?
False
Suppose g - 149 = -0*t + 2*t, -154 = -g + t. Suppose 5*q - 2*v = 169, -3*v = -5*q - 6*v + g. Is q composite?
True
Let m = 21 + -9. Suppose 0 = i - 3 - m. Suppose 0 = -5*o - 4*s + 125, 0 = -2*s + i - 5. Is o prime?
False
Let b = -1124 + 1755. Is b a prime number?
True
Let f = -190 - -377. Suppose -k - 29 = d - f, 474 = 3*k + 5*d. Let r = k - 45. Is r a composite number?
False
Let b(l) = -l**2 + 8*l - 4. Let k = -3 + 4. Let c be k*(-3)/((-6)/10). Is b(c) prime?
True
Is (-15)/(-6)*(-4 + 14) a prime number?
False
Let l(k) = 37*k - 2. Is l(9) composite?
False
Let c be (-3504)/(-27) - (-2)/9. Suppose -o + 205 = 4*w - c, o + 5 = 0. Is w a composite number?
True
Let g(q) = -8*q**2 - 1. Let s be g(-2). Suppose -4*i - 5*f = 17, 2*f + 8 = -0*i - i. Is i/(-3)*s/2 a prime number?
True
Let m be 3/((-1)/(-3 + -14)). Let s be (m/4)/(4/(-16)). Is (-9 + -1)/(6/s) prime?
False
Let y be (-2)/1*(-15)/(-6). Is (-190)/y*(0 + 1) a composite number?
True
Let u(m) = 8*m**3 - 5*m**2 - 2*m - 5. Is u(8) a composite number?
True
Let m(b) = -b - 13. Let v be m(-13). Suppose 0 = 2*z + 3*a - 278, v*z = 4*z + 3*a - 544. Is z composite?
True
Let o be 3 + (-2 - (-715 - 2)). Suppose p - 2*j = 5*p - o, -j + 5 = 0. Is p*(-1 - 1)/(-6) a prime number?
True
Let w(a) be the first derivative of a**3/3 + a**2/2 + a - 2. Is w(-2) composite?
False
Let c(i) = -i**3 + 5*i**2 + 8*i - 2. Let p be c(6). Let y = 11 + p. Is y prime?
False
Let i be (-42)/(-12) + 2/4. Suppose -u = i*u - 565. Is u prime?
True
Is 2315*1 + (2 - -3 - 3) a prime number?
False
Let w = -11099 - -16858. Is w composite?
True
Let s(l) = l**2 - 5*l - 10. Let a be s(7). Suppose a*h - 457 = -117. Is h a composite number?
True
Suppose 0 = -h + 4 - 0, -m + 6069 = -5*h. Is m composite?
False
Let a(k) = -2*k**2 - 7*k + 7*k - 1. Let p be a(1). Is (1 + -1 + p)*-1 composite?
False
Is 6507/36 - (-1)/4 composite?
False
Let d = 4 + -4. Suppose -3*c + 1400 - 287 = d. Is c a composite number?
True
Let l be (6/7)/((-1)/(-1981)). Let m = l + -906. Suppose 0 = -5*i + 2*f + 1005, m = 4*i - 6*f + 2*f. Is i composite?
True
Suppose 0 = q + q - 12. Suppose -c = c - q. Let x(g) = 2*g**3 + g**2 - 3*g + 1. Is x(c) composite?
True
Let o = -19 - -21. Suppose o*p = p + 157. Is p a composite number?
False
Suppose 0 = 9*k - 539 - 2656. Is k a composite number?
True
Let y(u) = -u**2 - 2*u + 1067. Is y(0) a prime number?
False
Let l = -2 + 5. Let h be (1 + -1)/((-3)/l). Suppose h = -0*d - d + 46. Is d a composite number?
True
Suppose -2*w + f = -1442, -3631 = w - 6*w - 4*f. Is w prime?
False
Let c be (0 - 0/(-3)) + -278. Let n = -181 - c. Is n a composite number?
False
Is (2098/10)/(1/5) prime?
True
Let s be (-18)/4 - 1/(-2). Is s/(-10) - 5065/(-25) a prime number?
False
Suppose -17 = -5*a + 2*f, -5*a + 16 = -3*f - 2. Let b be 0 + -2*20/(-8). Suppose b*m - a*m - 163 = -5*c, 2*m - 157 = c. Is m prime?
True
Suppose 4*z + 2*x = 970, -3*z - x + 715 = 3*x. Is (2 - 1)*z/7 a prime number?
False
Let m(k) = -k - 4. Let n be m(-2). Let v = -3 - n. Is 10 + -2 - v/(-1) a composite number?
False
Let d be (-12)/10*15/(-3). Let g be (1*d)/3 + 1. Suppose 39 = -2*f + g*f. Is f prime?
False
Let p be (1/1 - 21) + 2. Suppose -4*q + 9*q - 328 = -r, 0 = -q + 5*r + 50. Let j = p + q. Is j prime?
True
Suppose 4*h - 6*h + 14 = 0. Is (2 + 65)*7/h prime?
True
Suppose -k - 214 = -687. Is k a composite number?
True
Suppose -5*d + 167 = -3*i, -d = -5*d + 4*i + 132. Is d composite?
True
Let p(l) = 5*l**2 - 6*l - 1. Let m be p(-7). Suppose 3*g - 5*g = -m. Is g a composite number?
True
Is ((398 - 0) + 3)*1 a composite number?
False
Let j be 220/(-14) - (-2)/(-7). Is (-3)/((-12)/j) + 93 a prime number?
True
Suppose 5*x - 8049 = -4*h + 1510, -5*h = -2*x + 3850. Is x a prime number?
False
Let x(p) = 9*p + 6. Let h be x(8). Let o = h + 19. Is o a composite number?
False
Let t = -5 + 1. Let q be (130/t)/(3/(-6)). Suppose -m - q = -2*m. Is m a prime number?
False
Let x(b) = -b**3 + 4*b**2 - b + 1. Let p be ((-3)/(-9))/(3/18). Is x(p) a composite number?
False
Suppose 2*c - 31 = 3*i, c + i + 2*i = 2. Let w = c - 7. Suppose 56 = w*t - 4*q - 32, -42 = -2*t + 4*q. Is t prime?
True
Suppose -18*p + 26337 = -15*p. Is p a prime number?
True
Suppose -5*u + 5*j - j = -471, 2*j = -4*u + 382. Suppose 0*k - 5*k = -u. Is k composite?
False
Let b(m) = 11*m - m + 6 + 7. Is b(10) composite?
False
Suppose -1353 = -6*r + 3*r. Is r prime?
False
Let c(h) = -4*h**3 + 3*h**2 - 18*h + 9. Is c(-8) prime?
True
Let m